33.
494837033
List the prime factors of 67827202.
2, 41, 827161
List the prime factors of 93273685.
5, 18654737
List the prime factors of 515617416.
2, 3, 659, 10867
List the prime factors of 256957303.
53, 4848251
List the prime factors of 12118196.
2, 277, 10937
What are the prime factors of 41275503?
3, 691, 6637
List the prime factors of 146994583.
19, 67, 115471
List the prime factors of 21260464.
2, 23, 57773
What are the prime factors of 104818592?
2, 19, 172399
What are the prime factors of 307406111?
19, 211, 76679
List the prime factors of 430892628.
2, 3, 3467, 10357
What are the prime factors of 1866407604?
2, 3, 43, 3617069
What are the prime factors of 83356300?
2, 5, 833563
What are the prime factors of 48073690?
2, 5, 7, 359, 1913
What are the prime factors of 1962928751?
7, 41, 2521, 2713
List the prime factors of 148456046.
2, 29, 2559587
List the prime factors of 1245352175.
5, 3163, 15749
What are the prime factors of 3896067275?
5, 1423, 109517
List the prime factors of 142533991.
19, 67, 71, 83
List the prime factors of 1578975469.
1031, 1531499
List the prime factors of 1155444646.
2, 101, 1709, 3347
List the prime factors of 159587652.
2, 3, 7, 199, 9547
List the prime factors of 79144153.
11, 7194923
What are the prime factors of 782781599?
463, 1690673
What are the prime factors of 2577282443?
43, 167, 358903
List the prime factors of 3449175908.
2, 862293977
List the prime factors of 62028640.
2, 5, 387679
What are the prime factors of 612034450?
2, 5, 199, 61511
What are the prime factors of 100995136?
2, 11, 41, 3499
List the prime factors of 32491398.
2, 3, 5415233
List the prime factors of 77055409.
317, 243077
List the prime factors of 344142694.
2, 7, 24581621
What are the prime factors of 30242278?
2, 11, 409, 3361
What are the prime factors of 620768851?
257, 2415443
List the prime factors of 304425625.
5, 7, 149, 467
List the prime factors of 146094447.
3, 17, 53, 54049
What are the prime factors of 93764937?
3, 7, 443, 10079
What are the prime factors of 60733788?
2, 3, 1091, 4639
What are the prime factors of 61008522?
2, 3, 10168087
List the prime factors of 1833613947.
3, 11, 31, 19273
List the prime factors of 75309388.
2, 7, 11, 17, 19, 757
List the prime factors of 4209924920.
2, 5, 105248123
List the prime factors of 5946703007.
7, 849529001
List the prime factors of 35033464.
2, 17, 313, 823
What are the prime factors of 108352551?
3, 36117517
What are the prime factors of 75832956?
2, 3, 797, 881
What are the prime factors of 70911772?
2, 17727943
What are the prime factors of 157123286?
2, 167, 470429
List the prime factors of 23268624.
2, 3, 484763
What are the prime factors of 57979255?
5, 11595851
List the prime factors of 4381708947.
3, 7, 11, 67, 283111
What are the prime factors of 42608668?
2, 101, 105467
List the prime factors of 3818922177.
3, 7, 17, 10697261
What are the prime factors of 216837920?
2, 5, 13, 61, 1709
What are the prime factors of 14457358?
2, 73, 99023
List the prime factors of 4043203695.
3, 5, 23, 89, 4877
What are the prime factors of 2679377070?
2, 3, 5, 89312569
List the prime factors of 2727362967.
3, 7, 129874427
List the prime factors of 121458967.
7, 17351281
What are the prime factors of 3379092?
2, 3, 97, 2903
What are the prime factors of 278795019?
3, 17, 5466569
What are the prime factors of 1104457570?
2, 5, 110445757
List the prime factors of 5609884933.
55787, 100559
What are the prime factors of 307035511?
41, 7488671
What are the prime factors of 66900394?
2, 11, 3040927
List the prime factors of 11743040.
2, 5, 36697
List the prime factors of 145568273.
145568273
What are the prime factors of 32328201?
3, 109, 907
List the prime factors of 8978165.
5, 7, 19, 23, 587
What are the prime factors of 156803945?
5, 53, 563, 1051
List the prime factors of 507705970.
2, 5, 50770597
What are the prime factors of 56694483?
3, 6299387
List the prime factors of 47227056.
2, 3, 509, 1933
What are the prime factors of 6409257?
3, 2136419
What are the prime factors of 51147372?
2, 3, 4262281
What are the prime factors of 181275363?
3, 20141707
What are the prime factors of 160761443?
31, 5185853
List the prime factors of 201016578.
2, 3, 7, 4786109
What are the prime factors of 125236950?
2, 3, 5, 834913
What are the prime factors of 1975365907?
109, 18122623
What are the prime factors of 28881663?
3, 9627221
List the prime factors of 23644778.
2, 19, 32749
What are the prime factors of 17232401?
353, 48817
List the prime factors of 785244622.
2, 467, 840733
What are the prime factors of 1932304865?
5, 23, 31, 542021
What are the prime factors of 6658128?
2, 3, 46237
What are the prime factors of 7294464?
2, 3, 1583
List the prime factors of 406770932.
2, 101692733
List the prime factors of 630848506.
2, 53, 5951401
List the prime factors of 1925191312.
2, 11, 994417
List the prime factors of 96283897.
96283897
List the prime factors of 5584221228.
2, 3, 907, 513067
What are the prime factors of 641651526?
2, 3, 3779, 9433
List the prime factors of 97126161.
3, 11, 2943217
What are the prime factors of 3551712428?
2, 11, 83, 487, 1997
What are the prime factors of 157420449?
3, 31, 6067
List the prime factors of 241201707.
3, 80400569
What are the prime factors of 47416284?
2, 3, 1317119
What are the prime factors of 2820349165?
5, 564069833
What are the prime factors of 3581520050?
2, 5, 17, 53, 107, 743
What are the prime factors of 127265492?
2, 31816373
What are the prime factors of 731757923?
13, 149, 377779
List the prime factors of 22231392.
2, 3, 367, 631
What are the prime factors of 246119636?
2, 7, 29, 47, 6449
What are the prime factors of 597878469?
3, 4021, 5507
What are the prime factors of 104864973?
3, 34954991
What are the prime factors of 16137269?
563, 28663
List the prime factors of 93881038.
2, 17, 2761207
List the prime factors of 38197508.
2, 1069, 8933
What are the prime factors of 343997820?
2, 3, 5, 283, 2251
What are the prime factors of 351061836?
2, 3, 29255153
What are the prime factors of 1748544071?
191, 9154681
List the prime factors of 73249093.
1741, 42073
List the prime factors of 618024518.
2, 309012259
What are the prime factors of 395155588?
2, 1021, 96757
List the prime factors of 1861617559.
1861617559
What are the prime factors of 1108681128?
2, 3, 1009, 5087
What are the prime factors of 1920148193?
1920148193
List the prime factors of 831592221.
3, 277197407
List the prime factors of 96747171.
3, 32249057
List the prime factors of 112625802.
2, 3, 23, 167, 181
What are the prime factors of 161911358?
2, 7, 11565097
What are the prime factors of 43893276?
2, 3, 7, 97, 5387
What are the prime factors of 4666755798?
2, 3, 23, 419, 26903
List the prime factors of 74618461.
421
List the prime factors of 3819803306.
2, 11, 971, 178813
What are the prime factors of 3639332974?
2, 79, 23033753
What are the prime factors of 25153857?
3, 139, 20107
List the prime factors of 35552245.
5, 7110449
List the prime factors of 1004719839.
3, 17, 3853, 5113
What are the prime factors of 737728729?
73, 2137, 4729
List the prime factors of 10095478.
2, 5047739
What are the prime factors of 3812067376?
2, 13, 37, 67, 7393
What are the prime factors of 673152026?
2, 17, 19, 37, 28163
What are the prime factors of 50840729?
107, 475147
List the prime factors of 3226320101.
23, 353, 397379
What are the prime factors of 16681207?
16681207
What are the prime factors of 592629837?
3, 197543279
What are the prime factors of 141486350?
2, 5, 19, 148933
What are the prime factors of 15527970?
2, 3, 5, 17, 199
What are the prime factors of 643932025?
5, 11, 2341571
What are the prime factors of 268302916?
2, 7, 9582247
List the prime factors of 528754359.
3, 7, 43, 229, 2557
List the prime factors of 837902943.
3, 93100327
List the prime factors of 276982246.
2, 138491123
What are the prime factors of 64135883?
7, 17, 53, 10169
What are the prime factors of 218447051?
673, 324587
List the prime factors of 1277764018.
2, 127, 5030567
What are the prime factors of 3149056124?
2, 19, 1259, 32911
What are the prime factors of 93999509?
2251, 41759
What are the prime factors of 563305766?
2, 281652883
List the prime factors of 16039606.
2, 11, 729073
L